ose 0 = -2*o + 5*o - 18. Let s(n) = n - 4. Determine s(o).
2
Let f be 3*((-7)/3 + 2). Let t be f/(((-2)/4)/(-1)). Let o(x) = -x + 1. What is o(t)?
3
Suppose 4*h - 41 = 3*u - 12, 5*h - 31 = 2*u. Let s(v) = 4*v - 1. Calculate s(h).
19
Let f(p) = -p + 1. Let s be f(1). Let c(n) = -14 + s*n + 12 + n. Calculate c(6).
4
Let q(u) = -3*u**2 + 7*u + 13. Let k be -6 + 0/(-4) + 4. Let f(r) = -r**2 + 2*r + 4. Let b(c) = k*q(c) + 7*f(c). Determine b(-3).
-7
Let r = -8 + 12. Suppose -2*n = 4*d - n + r, -d + 2*n - 1 = 0. Let l(a) = 10*a**2. Determine l(d).
10
Let h(a) be the first derivative of a**4 + a**2/2 + 13. Calculate h(1).
5
Let c(m) be the second derivative of -m**3/6 - 3*m**2/2 - 2*m. Suppose 4*k - 7*k + 12 = -4*r, -4*r + k - 4 = 0. Let g = 4 - r. Give c(g).
-7
Suppose 4*c = w, -6*c = -3*w - 5*c. Let m(k) = -k**3 - k**2 + k + 16. Determine m(w).
16
Let h(i) be the third derivative of 0*i**3 - 3*i**2 + 1/24*i**4 + 0 + 0*i. What is h(0)?
0
Let j(l) = -l**2 + 3*l. Let r be j(3). Let d be (1 - r)/((-3)/(-6)). Let b(z) = -1 + 3 + 0*z**2 + z**3 - d*z**2. Give b(2).
2
Let s(w) = w**3 + 5*w**2. Let l be s(-5). Let p(n) = -n**2 + 17. What is p(l)?
17
Let f(r) = -4*r**3 + 3*r**3 - 29 + 2*r**2 + 28. Calculate f(-1).
2
Let m = 11/6 - 4/3. Let r(s) be the first derivative of 1 + 0*s - m*s**2 - 1/3*s**3. What is r(-1)?
0
Let r(i) = -i**3 + 7*i**2 - 4*i - 10. Let s be (-3 + 2/(-2))*(-6)/4. Calculate r(s).
2
Let s = -3 + 5. Let i(k) = s + 2*k + 2*k - 2*k - 4. Let r(q) = q + 3. Let p be r(0). Determine i(p).
4
Let q(a) be the second derivative of a**3/2 + a**2 - 7*a. Determine q(-3).
-7
Suppose 0 = s - 2*s - 2, 0 = 5*x + 5*s + 10. Suppose 3 = t - 1. Suppose q + x = -t. Let h(d) = d**2 + 4*d - 1. Calculate h(q).
-1
Let t(v) = 2*v - 14. Let b be t(10). Let y be (3 + 13/(-5))*-10. Let m = y + b. Let s(d) = d**3 + 3*d - 3. Determine s(m).
11
Let t(w) = 5*w**3 - 2 - 2 - 4*w**3 - 5*w**2. Let k = -1 + 6. Suppose 23 = 4*o - g, -k*o + g + 28 = -0. Calculate t(o).
-4
Let z(a) = -3*a**2 + a. Let k(c) = 4*c - 6. Let n be k(2). Let v be 1*-2 - (1 - 7). Let r = v - n. Calculate z(r).
-10
Let r(z) be the first derivative of z**2/2 - z + 12. Determine r(7).
6
Let s(p) = -2*p + 1. Let a(h) = 5*h - 3. Let v(q) = 4*a(q) + 7*s(q). Let n(g) = 21*g - 18. Let u(b) = -5*n(b) + 18*v(b). Let d = -1 + 3. Give u(d).
6
Let r(o) = -o**3 - 7*o**2 - o - 3. Suppose -3*n - 5*l = 1, -2*l + 4*l - 29 = 3*n. Give r(n).
4
Let w(s) = -s + 1. Let p(n) = n - 1. Let v(y) = 2*p(y) + 3*w(y). Calculate v(2).
-1
Let f(v) be the first derivative of -v**4/4 - 2*v**3 - 2*v**2 + 5*v + 2. Suppose -4*g + 117 = -63. Let q be 4/(-18) + (-215)/g. What is f(q)?
0
Let j(q) be the third derivative of -q**6/180 + q**4/24 + q**3/2 + 7*q**2. Let f(l) be the first derivative of j(l). Calculate f(2).
-7
Let g(h) = -3*h - 3. Let n(d) = 4*d + 3. Let v(p) = 3*g(p) + 2*n(p). Suppose -4*q + 24 = 4*j, 2*j - 3*q + 3 + 0 = 0. Let m = -7 + j. What is v(m)?
1
Let l(g) be the third derivative of -g**4/24 + g**3/2 - g**2. Suppose 3*m = -u + 7*m + 7, 2*m = -5*u + 13. What is l(u)?
0
Let n(l) = l + 3. Let k be n(-9). Let s(g) = 3*g + 5. Determine s(k).
-13
Let g = 185 + -187. Let m(d) = 4*d**3 + 2*d**2 - 2*d - 2. What is m(g)?
-22
Let r(m) = m. Let n(o) = -5*o + 1. Let z(f) = n(f) + 4*r(f). Determine z(6).
-5
Let y = -5 - -10. Let f(n) = -n + 1. Determine f(y).
-4
Let p(j) be the third derivative of j**6/120 + j**5/60 + j**4/24 - j**3/3 - 11*j**2. Determine p(2).
12
Let p(h) = h**3 + 1. Let b be (-9)/(-27) - 2/6. Suppose b*t + 2 = 2*t. What is p(t)?
2
Let o(v) be the second derivative of -3*v**3/2 + v**2 + 2*v. Let x(c) = 5*c - 1. Let a(i) = -4*o(i) - 7*x(i). Determine a(3).
2
Let c(h) = -4*h + 12*h + 1 - 7*h - 4*h**3. Suppose 0 = -4*g - g. Let l = -1 - g. Calculate c(l).
4
Let j(v) = v - 1 + 3*v + 0 - v. What is j(-3)?
-10
Let n(c) = -8*c + 4*c + 3*c. Give n(6).
-6
Let o(s) be the first derivative of 4/3*s**3 + 3 - 1/2*s**2 + 0*s. Suppose -3*i + 0*i - 3 = 0. Give o(i).
5
Suppose 3*j + 3 + 15 = 4*z, -2 = -2*z - 2*j. Suppose 0 = -z*t - 2*t + 10. Let c(b) = -b**2 + 2. What is c(t)?
-2
Let r(s) = -s**2 - 3*s + 2. Let m(f) = f - 3. Let p be m(3). Suppose p*u - 16 = 4*u. Calculate r(u).
-2
Let l(i) = -17 + 7 - i**2 + 12 + 8*i. What is l(4)?
18
Suppose -u = -0*u + 4*v - 18, 4*u + 3*v - 20 = 0. Let m(w) = 6 + 1 - w - u. Let f = 9 - 5. Calculate m(f).
1
Suppose 4*l = -5*z + 7, 1 = 3*z + 3*l - 5. Let j(p) be the first derivative of -1/2*p**2 - p + 2 - 3*p**3. Give j(z).
-9
Let z(w) be the second derivative of w**5/20 - w**4/6 - w**3 + w**2/2 + 3*w. Give z(4).
9
Let a(z) = 5*z**2 + 2*z + 6. Let n be 6/(-8) - 44/(-16). Let r(v) = -3*v**2 + 0*v**2 - 6 - 3*v - 3*v**n. Let u(k) = 7*a(k) + 6*r(k). Determine u(-5).
1
Let b = 10 - 8. Let o(u) = u**2 + 2*u - 2. Calculate o(b).
6
Let c be 24/10 - 6/15. Let r be 4 + (2 - c)/(-2). Let p(y) be the second derivative of -y**4/12 + 5*y**3/6 - y**2 - y. Calculate p(r).
2
Let p(s) = s**3 - s - 1. Let d(i) = -2*i**3 - 3*i**2 - 2*i - 2. Let f(m) = -d(m) - p(m). Suppose 3*y + 0 = -3. Let j be y - (4 - (1 - -2)). Determine f(j).
1
Let c(d) = 5*d - 5. Let u(w) = 4*w - 4. Let o(k) = 3*c(k) - 4*u(k). Calculate o(-4).
5
Let v(x) be the first derivative of x**4/4 + 4*x**3/3 - 5*x + 48. Give v(-5).
-30
Suppose -7*t - 20 = -3*t + 4*v, -2*t - 5*v = 25. Let h(k) = k - 6. What is h(t)?
-6
Let p(u) be the third derivative of 0*u + 0 + 5/3*u**3 - 7*u**2 - 1/24*u**4. Calculate p(5).
5
Let q(x) be the second derivative of 1/6*x**3 - 4*x + 0 + 3*x**2. Calculate q(-4).
2
Let x(r) = 2*r**2 + 0*r**2 - r**2 + r - 1 - r**3. Let w(b) = -3*b**3 + 8*b**2 - 5*b + 3. Let u be -2 - 1 - 1 - -2. Let c(f) = u*x(f) + w(f). What is c(4)?
9
Let u(m) be the third derivative of -m**4/24 - m**3/2 + 3*m**2. Determine u(0).
-3
Let b(j) = -j + 15. Let i = 70 - 61. Determine b(i).
6
Let t = 27 - 23. Let v(h) be the third derivative of -1/3*h**3 + 0*h + 1/60*h**5 + 5/24*h**t + 0 - h**2. Determine v(-4).
-6
Let l(o) = o - 6. Let c(i) = -i + 11. Let w be c(5). Let b = w + -6. Suppose b = -j + 6*j. Calculate l(j).
-6
Let h(z) = 6*z**2 - z - 1. Let v(i) = -i**3 + 14*i**2 + i - 15. Let c be v(14). Determine h(c).
6
Let v(w) = -2*w - 2. Let f(g) be the first derivative of g**4/4 - 5*g**3/3 + g**2/2 - 3*g + 3. Let m be f(5). Suppose p = -m + 4. Determine v(p).
-6
Let s(i) = -i**2 - 4*i - 4. Let n = 16 + -10. Suppose z = 3*z + n. Calculate s(z).
-1
Suppose 2*o = -x + 1, 0 = 2*x - 1 - 9. Let r(y) = -2*y + 3*y**3 - 2*y**2 + y**2 - 2*y**3 - 3. Determine r(o).
-11
Let p be (-6 + (-3)/(-1))/(-1). Let s(q) = 2 - p*q - 4*q + 3*q + 3*q. What is s(4)?
-2
Let d(o) = 3*o - 2. Suppose u + 4*l - 7 = 0, 3*u + l = 5*u - 5. Give d(u).
7
Let t(y) = -y - 1. Let a be t(-1). Suppose 0 = 2*f - a*f - 12. Let n(b) = b**2 - 6*b + 2. Give n(f).
2
Suppose 0 = -n - 2. Let v(f) = 6*f + 10. Let w(z) = 2*z - 13. Let m(q) = q - 1. Let i(y) = 6*m(y) - w(y). Let d(j) = 7*i(j) - 5*v(j). Calculate d(n).
3
Let l(k) be the first derivative of -2*k**3/3 + 4*k - 5. Let j(h) = -3*h**2 - h + h + 5. Let z(f) = 3*j(f) - 4*l(f). Calculate z(1).
-2
Let p(h) be the second derivative of h**3/6 + 2*h**2 + 3*h. Let c be p(0). Let l(f) = -c*f + 3*f - 2 + 5. Determine l(4).
-1
Let t(c) be the third derivative of -c**5/60 - c**4/6 - c**3/2 - 6*c**2. Give t(-4).
-3
Let z(l) = l**2 - 4*l + 1. Let c(s) = 2*s - 4 + 3*s - 2*s**2 + 3*s**2. Let a be c(-6). Calculate z(a).
-3
Suppose 4*x + 2*k = -0*x + 20, 5*k + 28 = 3*x. Suppose -5*p + x*d + 20 = 2*d, 5 = -3*p - d. Let v(z) = z - 5. Calculate v(p).
-5
Let w(x) = x + 4. Let p = -11 - -16. Suppose -p = -2*k - 1. Suppose -l + 0 = s + 1, k*l = 5*s - 23. Determine w(l).
0
Let q(u) = 6*u**2 + 3*u**2 - 10*u**2 - 7*u + 7. Let s be q(-8). Let n(x) = -9*x**3 - x. Determine n(s).
10
Let p(m) = -4*m**2 - 2*m - 2. Let w be (-2)/((2 - 3)*-1). Give p(w).
-14
Suppose -5*s = 5*m + 10, 5*m - 4 = -2*s - 20. Let h(i) = 0*i + 5*i + 5*i**2 + s - 7*i. Give h(2).
18
Suppose -q - 4*f = q - 10, -2*q + 11 = 5*f. Suppose 2*k + q*j - 9 = 5*k, -5*k + 3*j = 11. Let u(b) = -b**2 - 1. Determine u(k).
-2
Suppose 0 = -5*g + 40 - 10. Let y(b) = -2*b + 8. Calculate y(g).
-4
Let h = -90 - -79. Let q(p) = -p - 6. What is q(h)?
5
Suppose s + 3 - 4 = 0. Let u be ((s - 1)*-1)/2. Let g(j) be the second derivative o